.
14
Let n be (-4 - -2) + (-5)/(-1). Let i(m) = 0*m + n*m + 0*m. Suppose 6 = 6*v - 3*v + j, 2*j = 5*v + 1. What is i(v)?
3
Let t = 89 + -84. Let u(h) = 26*h - 29. Let l(b) = 9*b - 10. Let v(w) = -17*l(w) + 6*u(w). Let o(x) = -4*x + 4. Let i(s) = t*v(s) + 4*o(s). Calculate i(0).
-4
Let c(z) = 9*z + 10*z**2 - 2 - 5*z - 13*z**2. What is c(2)?
-6
Let r(b) = b**3 - 6*b**2 - 7*b - 7. Suppose -3*w + l + 17 = -0*w, -2*l + 15 = w. What is r(w)?
-7
Let t(w) be the third derivative of w**4/3 + w**3/6 + w**2. Let i be (1 - -4) + -1 + -2. Suppose 0 = -0*v - i*v - 5*g + 22, 2*g - 8 = 0. Determine t(v).
9
Let i(u) = -2*u**2 - 4*u + 3. Let r be i(1). Let s(m) = -m**3 - 4*m**2 - m - 4. Determine s(r).
-10
Let t(y) = -1 + 3*y + y + 2*y + 0 + 21*y**2 - 5*y. Give t(1).
21
Let u(n) = 2*n - 5. Let m = -14 + 14. Suppose m = a - 5. What is u(a)?
5
Let l(t) = t**3 - t**2 + 2. Let z(g) = g**3 - 4*g**2 + 6*g - 4. Let h = 10 - 8. Let s be z(h). What is l(s)?
2
Let w(u) = 8*u**3 - 9*u**2 - 2*u - 3. Let y(b) = 2*b**3 - 2*b**2 - b. Let f(i) = w(i) - 3*y(i). Calculate f(3).
27
Let f = 6 - 3. Let p(v) = v**2 - 4*v. Let z(b) = -b**2 + 4*b. Let t(w) = f*p(w) + 2*z(w). Let c(n) = -n**2 + 8*n + 4. Let o be c(8). Give t(o).
0
Let f be (-2)/(20/35)*-2. Let r(i) be the second derivative of i**5/20 - 2*i**4/3 + 4*i**3/3 - 4*i**2 - i + 4. Give r(f).
-1
Let d(a) be the first derivative of -1/3*a**3 + 4*a**2 + 8 - 6*a. Calculate d(5).
9
Let r(j) = 2 + 16*j**3 + 0*j**3 - j**2 - 2. Suppose -6 = 2*i, 3*u + 11 + 7 = -5*i. What is r(u)?
-17
Let a = -10 + 17. Let h(y) = -70*y + 36*y + 35*y + a. What is h(-6)?
1
Let z be ((-28)/(-224))/(0 - 3/(-8)). Let s(a) be the first derivative of z*a**3 - 5 + a + 7/2*a**2. Give s(-3).
-11
Let y = 766 + -781. Let q(c) = c + 20. What is q(y)?
5
Let q(t) = -7*t**2 - 16*t - 3. Let h(y) = -y**2 - y - 2. Let j(m) = 6*h(m) - q(m). What is j(-10)?
-9
Let n(s) = s - 8. Let l be (-5 - -3)/((-4)/(-2)). Let z be (-1 - (-2 - -2))*l. Let x = 7 - z. Determine n(x).
-2
Let w = -10 - -13. Let h(a) = -a**2 + 0*a**2 + 0*a**2 + 0*a - w*a. Let j = -50 + 46. What is h(j)?
-4
Let y(o) be the second derivative of -o**4/12 + o**2/2 + 2*o. Suppose 2*d = -d - c - 26, -4*c = 5*d + 41. Let s be (-3)/12 - d/(-12). Calculate y(s).
0
Let c be -1 + -2*(-12)/8. Suppose -c*b = 10 + 12. Let v = 15 + b. Let y(i) = i**2 + i - 5. Determine y(v).
15
Let i(r) be the second derivative of 16*r**5/5 + r**4/6 - r**2/2 - 5*r + 22. What is i(-1)?
-63
Let v(m) = -5*m - 5. Let f(s) = -s - 7. Let d(x) = -1. Let g(k) = -6*d(k) + f(k). Let o(w) = -2*g(w) + v(w). Calculate o(-3).
6
Let y(u) be the second derivative of u**7/2520 + u**6/120 + u**5/15 + 5*u**4/4 + 6*u. Let i(l) be the third derivative of y(l). Give i(-6).
8
Let j(v) = -3*v**3 + 20*v**2 + 8*v - 13. Let r be j(7). Let i(g) = -g + 5. Calculate i(r).
11
Let z(g) = g. Let w(f) = f - 17. Suppose -71 - 55 = -9*d. Let a be w(d). Determine z(a).
-3
Let q(j) = j**3 + 3*j**2 + 3*j. Suppose -c + 4*b - 25 = -6*c, 3*c - 8 = -b. Let a be (15/12)/(c/8). Suppose -a = 3*t - 4. What is q(t)?
-2
Let f(g) = -g - 2. Let n be 554/(-14) + (-21)/49. Let v be (-4)/(-10) + (-744)/n. Let t be 13/39*(v - 1). Determine f(t).
-8
Let l(o) = -9*o**2 + 33*o - 24. Let h be l(3). Let c(v) = v**3 + 5*v**2 - 6*v - 2. What is c(h)?
-2
Suppose 6*u + 7 = 55. Let r(h) = -3*h + 25. Let m be r(u). Let l(s) = 17*s - 1. Determine l(m).
16
Let w(s) = 6*s**3 - 1. Let r(l) = 13 + 17 + 7*l + l - 15. Let g be r(-2). Determine w(g).
-7
Let q(r) be the second derivative of -r**5/20 - 7*r**4/12 + r**3/2 + 5*r**2/2 + 57*r. Determine q(-7).
-16
Let m(s) be the second derivative of -s**4/12 - s**3 - 3*s**2/2 - 12*s + 1. Give m(-6).
-3
Let k(g) be the first derivative of -g**5/20 + g**4/4 + g**3/3 - g**2 + 8*g + 14. Let b(m) be the first derivative of k(m). Calculate b(3).
4
Let r(s) = -10*s + 22. Let o(n) = -13*n + 18. Let z(g) = 3*o(g) - 4*r(g). Determine z(29).
-5
Let t(u) be the second derivative of u**5/20 - u**4/6 - 5*u**3/6 - u**2 + 355*u + 1. Give t(3).
-8
Let u(r) be the first derivative of -r**3/3 - 2*r - 508. Calculate u(4).
-18
Let s(o) = -o**2 - 54*o + 24. Let a(y) = -y**2 - 83*y + 35. Let v(i) = -5*a(i) + 8*s(i). Determine v(-6).
11
Let v = -59 + 61. Let i(j) = -v + 0*j**2 + 6 - 2 - j**2. Give i(-2).
-2
Let j be 15/10 + 13/2. Let a(b) = 5*b**2 - 5*b + 3. Let s(g) = -14*g**2 + 16*g - 11. Let t(u) = 11*a(u) + 4*s(u). Determine t(j).
-3
Let j be 8*2/16*-4. Let a(s) = s**2 + s - 4. Give a(j).
8
Let s(f) = -2*f**2 + 4*f - 3. Let r(c) = c**3 + 4*c**2 - 7*c + 5. Let b = 51 + -47. Let w(u) = b*r(u) + 7*s(u). What is w(-1)?
-3
Let d = 1850 - 1853. Let s(m) = -m**3 + m. Let c(k) = 2*k**3 - 4*k**2 - 4*k + 2. Let a(h) = -c(h) - 3*s(h). Give a(d).
4
Let h be 2/(-3)*(4 + -10). Suppose 0 = -3*o + 3*m - 9, -3*o + h*m + 6 = -2*o. Let x(l) = -2*l + 2. Give x(o).
14
Let n(v) be the first derivative of -v**3/3 - 7*v**2 - 13*v - 10. Calculate n(-12).
11
Let n = -31 - -54. Suppose -3*t + j = -7*t + n, -4*t + 26 = -2*j. Let v(s) = -s + 2. Determine v(t).
-4
Suppose z - 216 = -4*d, 2*d = -5*z - 9 + 117. Suppose 0 = 7*x + 2*x + d. Let r(t) = -t - 4. Give r(x).
2
Let a(s) = 16*s**2 - 10*s + 75. Let i(r) = 6*r**2 - 3*r + 25. Let u(g) = -4*a(g) + 11*i(g). What is u(-6)?
5
Let k(r) = -r**3 - 4*r**2 - 2. Suppose -2*g = -0*g - 8. Suppose 0 = g*z - 4*i + 12, -2*z - 4 = -5*i - 1. Determine k(z).
-2
Let p(w) = -w**2 + 6*w - 7. Suppose -27 = -2*g - 3. Suppose -35*t + 295 - 50 = 0. Let d = g - t. Determine p(d).
-2
Let y(v) be the first derivative of -33 - 4*v + 5/2*v**2 - 7/3*v**3 + 1/4*v**4. What is y(6)?
-10
Let g(w) = 0*w - 8 + 12*w - w - 7*w - 13. Calculate g(6).
3
Let h(s) = 6*s**2. Let f(m) = m**3 + 14*m**2 + 2. Suppose -c = 2 + 12. Let x be f(c). Suppose 2*t + x + 0 = 0. What is h(t)?
6
Suppose 31*a - 152 = -28. Let u(v) = -9*v - 3. Calculate u(a).
-39
Let h be -9 - -3 - (-12)/(-2). Let o(t) = t**2 + 11*t - 16. Calculate o(h).
-4
Let m(u) be the third derivative of u**6/360 - 11*u**4/24 - u**3 - 2*u**2. Let f(a) be the first derivative of m(a). Let s = 0 - 0. Calculate f(s).
-11
Let u(q) = -q**2 - 15*q - 12. Let c(w) = 3*w + 2. Let r(z) = -5*c(z) - u(z). Suppose -2*n = 4, 5*m + 4*n = -0*n + 32. Let k be (-9)/4 + 2/m. Determine r(k).
6
Let x(w) = -9*w**3 - w**2 - w + 3. Let h(m) = 2*m**3 + m**2 + m - 1. Let b(t) = 5*h(t) + x(t). What is b(-4)?
-18
Let o(r) be the third derivative of 0 - 1/2*r**3 - 1/8*r**4 + 0*r - 11*r**2. Determine o(4).
-15
Let d(m) = 5*m - 2. Let f = -7 - -33. Suppose -2*k = 11*k + f. Give d(k).
-12
Let b(j) = -j**2 + 5*j + 7. Let y(q) = 4*q + 35. Suppose -4 + 11 = -x. Let s be y(x). Calculate b(s).
-7
Suppose 5*s = -2*c + 6*c, -4*s - 21 = c. Let j(a) = a**2 + 6*a + 4. Calculate j(c).
-1
Let w(j) = -j**3 + 11*j**2 - 9*j - 6. Let v(i) = -i**3 + 6*i**2 - 4*i + 2. Let x be v(5). Let u be 240/168*(x + 0). What is w(u)?
4
Suppose -5*z + 2*o = -53, -2*z - 5*o + 25 = 3*z. Suppose 2*c - c = 2*b + 3, -2*c - b = z. Let y(r) = -2*r - 3. Determine y(c).
3
Let o(q) = -q**3 + 32*q**2 - 2*q + 58. Let y be o(32). Let k(u) = -u**2 - 8*u - 5. Determine k(y).
7
Let l be -6*(-4)/12 - 21. Let r(k) = 3*k**2 + 3*k + 2. Let x be r(-3). Let w = x + l. Let u(m) = 5*m - 1. Determine u(w).
4
Let a(j) = -3*j + 1. Suppose -5*n + 20 = -g, 3*n - 2*g - 34 = 3*g. Suppose 0*f - 2*f - 20 = 2*k, n*f + 18 = k. Give a(f).
22
Let a(u) be the first derivative of -u**3 - u**2 - u + 1. Let o = 733 + -735. Calculate a(o).
-9
Suppose 315 = -33*j - 30*j. Let p(g) = g - 13. Let i(b) = 13 - 1 + 15 - 2*b. Let d(o) = -6*i(o) - 13*p(o). Determine d(j).
12
Let h(x) be the third derivative of 29*x**6/120 - x**5/60 + x**4/24 - 66*x**2. Give h(1).
29
Suppose -3*u = -7*u - 32. Let j = -3 - u. Let t(g) = g**3 - 6*g**2 + 5*g + 2. Give t(j).
2
Let j be 2/(3*(-6)/(-27)). Let m(b) = -b**2 + 9*b - 3*b - 95 + 193 - 100. Determine m(j).
7
Let q(m) = -m**3 + 3*m**2 - 3*m + 2. Let l be q(2). Let i(j) = 4*j + 3 - 8 - 5*j + l. What is i(-6)?
1
Let r(j) = -j**3 - 2*j**2 + 7*j + 4. Let d be r(-4). Let c(a) = 18*a - 2 - d*a + 4 - 8*a. Give c(-2).
-2
Suppose f + 6 = -5. Let u(t) = 8*t**2 - 2*t + 15. Let w(b) = -3*b**2 - 7 - 11 + 5*b + 22 - 9 - 4*b. Let k(p) = f*w(p) - 4*u(p). Give k(5).
5
Let s(k) be the second derivative of -k**8/6720 + k**7/840 + 7*k**6/720 -